mainder when 2202771 is divided by 7981.
15
What is the remainder when 2588154 is divided by 647016?
90
What is the remainder when 19020917 is divided by 1519?
1518
What is the remainder when 569914 is divided by 218?
62
Calculate the remainder when 2876440 is divided by 443.
41
What is the remainder when 1322784 is divided by 158?
8
Calculate the remainder when 53439 is divided by 117.
87
What is the remainder when 212463024 is divided by 29?
5
Calculate the remainder when 2576845 is divided by 51535.
95
What is the remainder when 3344176 is divided by 6609?
22
What is the remainder when 58886 is divided by 4884?
278
Calculate the remainder when 432051 is divided by 1938.
1815
What is the remainder when 22089 is divided by 1154?
163
Calculate the remainder when 3292124 is divided by 224.
220
Calculate the remainder when 513833 is divided by 217.
194
Calculate the remainder when 256409 is divided by 2215.
1684
What is the remainder when 493389 is divided by 9867?
39
What is the remainder when 6756749 is divided by 1625?
1624
What is the remainder when 32054 is divided by 3181?
244
What is the remainder when 2325860 is divided by 2445?
665
Calculate the remainder when 16112491 is divided by 2028.
31
What is the remainder when 192293 is divided by 93987?
4319
What is the remainder when 85970 is divided by 85940?
30
What is the remainder when 39407956 is divided by 5629705?
21
What is the remainder when 385026 is divided by 128295?
141
Calculate the remainder when 4681351 is divided by 9270.
1
What is the remainder when 27525277 is divided by 9175091?
4
What is the remainder when 1430099 is divided by 421?
383
What is the remainder when 10654251 is divided by 1522035?
6
What is the remainder when 168068 is divided by 56005?
53
What is the remainder when 26620 is divided by 1528?
644
What is the remainder when 13239751 is divided by 190?
171
What is the remainder when 831624 is divided by 277203?
15
What is the remainder when 96740 is divided by 2150?
2140
What is the remainder when 5652211 is divided by 387?
76
What is the remainder when 165394597 is divided by 4900?
4897
What is the remainder when 486919 is divided by 28640?
39
Calculate the remainder when 447701 is divided by 14491.
12971
What is the remainder when 702344 is divided by 112?
104
Calculate the remainder when 523489 is divided by 437.
400
Calculate the remainder when 69468040 is divided by 153.
73
Calculate the remainder when 605814 is divided by 196.
174
What is the remainder when 83214 is divided by 577?
126
Calculate the remainder when 120237 is divided by 24035.
62
What is the remainder when 4005081 is divided by 206?
29
Calculate the remainder when 42374 is divided by 1710.
1334
What is the remainder when 170451 is divided by 42602?
43
Calculate the remainder when 915948 is divided by 457973.
2
What is the remainder when 1197368 is divided by 2033?
1964
What is the remainder when 18536 is divided by 3672?
176
What is the remainder when 162263 is divided by 5791?
115
Calculate the remainder when 1701952 is divided by 2506.
378
What is the remainder when 1028716 is divided by 5178?
3472
Calculate the remainder when 23495835 is divided by 23.
1
What is the remainder when 906336 is divided by 181266?
6
Calculate the remainder when 277522 is divided by 138753.
16
Calculate the remainder when 11210612 is divided by 5605291.
30
Calculate the remainder when 344997 is divided by 9439.
5193
What is the remainder when 206192 is divided by 33?
8
What is the remainder when 9667048 is divided by 257?
250
Calculate the remainder when 191525 is divided by 190703.
822
What is the remainder when 224620 is divided by 112199?
222
Calculate the remainder when 9761655 is divided by 58453.
4
What is the remainder when 174569199 is divided by 1253?
1239
Calculate the remainder when 10059043 is divided by 1102.
1089
Calculate the remainder when 100813 is divided by 446.
17
Calculate the remainder when 4519400 is divided by 3763.
37
Calculate the remainder when 723937 is divided by 9477.
3685
What is the remainder when 2755835 is divided by 30?
5
What is the remainder when 5667635 is divided by 1889210?
5
Calculate the remainder when 37870759 is divided by 2834.
17
Calculate the remainder when 240598 is divided by 485.
38
What is the remainder when 6435394 is divided by 139897?
132
What is the remainder when 3755770 is divided by 288904?
18
Calculate the remainder when 2616725 is divided by 186904.
69
What is the remainder when 4749430 is divided by 272?
38
What is the remainder when 19098 is divided by 3997?
3110
What is the remainder when 99798 is divided by 2544?
582
Calculate the remainder when 8264312 is divided by 719.
126
Calculate the remainder when 7764977 is divided by 7764976.
1
Calculate the remainder when 252362 is divided by 825.
737
Calculate the remainder when 16659316 is divided by 574459.
5
Calculate the remainder when 146471 is divided by 6477.
3977
Calculate the remainder when 501701 is divided by 1293.
17
What is the remainder when 48700531 is divided by 24350245?
41
What is the remainder when 332307 is divided by 7714?
605
What is the remainder when 869246 is divided by 1461?
1412
Calculate the remainder when 174450 is divided by 4711.
143
Calculate the remainder when 558870 is divided by 33.
15
What is the remainder when 725277 is divided by 2026?
1995
What is the remainder when 379732 is divided by 1817?
1796
What is the remainder when 353184 is divided by 369?
51
What is the remainder when 3384989 is divided by 483567?
20
What is the remainder when 622814 is divided by 3822?
3650
Calculate the remainder when 6126087 is divided by 42.
9
Calculate the remainder when 870513 is divided by 10122.
21
Calculate the remainder when 134832057 is divided by 20.
17
What is the remainder when 886360 is divided by 1089?
1003
Calculate the remainder when 85776 is divided by 614.
430
What is the remainder when 8390299 is divided by 1147?
1141
Calculate the remainder when 6526597 is divided by 3263283.
31
What is the remainder when 104393 is divided by 1996?
601
What is the remainder when 382290 is divided by 93421?
8606
What is the remainder when 772869 is divided by 4750?
3369
Calculate the remainder when 205475 is divided by 68488.
11
Calculate the remainder when 812042 is divided by 203010.
2
What is the remainder when 1453029 is divided by 3814?
3709
What is the remainder when 20782779 is divided by 51189?
45
Calculate the remainder when 16069699 is divided by 2013.
1933
Calculate the remainder when 7646080 is divided by 2548690.
10
Calculate the remainder when 3786470 is divided by 540922.
16
Calculate the remainder when 54168211 is divided by 18056070.
1
What is the remainder when 452974167 is divided by 10?
7
What is the remainder when 253193 is divided by 126573?
47
What is the remainder when 36903670 is divided by 47495?
55
Calculate the remainder when 644860 is divided by 322299.
262
Calculate the remainder when 128670 is divided by 42889.
3
Calculate the remainder when 851840 is divided by 207.
35
What is the remainder when 23120301 is divided by 7706681?
258
Calculate the remainder when 61578 is divided by 5630.
5278
Calculate the remainder when 914015 is divided by 27.
11
What is the remainder when 55307128 is divided by 384?
376
Calculate the remainder when 16696608 is divided by 1959.
51
Calculate the remainder when 852895 is divided by 4886.
2731
Calculate the remainder when 1874812 is divided by 304.
44
What is the remainder when 91667415 is divided by 460?
455
What is the remainder when 1413 is divided by 639?
135
What is the remainder when 28460762 is divided by 110313?
8
Calculate the remainder when 6869339 is divided by 1300.
139
What is the remainder when 36911 is divided by 1792?
1071
Calculate the remainder when 21124345 is divided by 14.
11
Calculate the remainder when 32097444 is divided by 866.
20
What is the remainder when 8623045 is divided by 150?
145
Calculate the remainder when 20955 is divided by 277.
180
Calculate the remainder when 37116189 is divided by 16.
13
Calculate the remainder when 177235 is divided by 45.
25
What is the remainder when 17825147 is divided by 9318?
9131
Calculate the remainder when 5001270 is divided by 194.
144
Calculate the rem